be 8 + -5 + 0 + 2. Suppose -w - 640 = -f*g, -2*g + 2*w + 243 = -w. Let v be (-1 - (0 - g)) + 0. Calculate the highest common divisor of 16 and v.
16
Let m = 33 + -29. What is the highest common divisor of 4 and m?
4
Suppose -2*q + 3*q + g = 209, 4*q - 836 = g. What is the greatest common factor of q and 19?
19
Let s = -6 - -9. Suppose s*k - 156 = -k. What is the highest common factor of k and 26?
13
Let y be (-41)/(-2) + (-7)/14. Suppose -3*x + 8 = d, x + x - y = 3*d. Suppose 0 = -0*r + x*r - 80. What is the highest common divisor of 30 and r?
10
Suppose 5*q - 3*q + 2*u - 226 = 0, -2*u = -3*q + 334. Let j be 12/(-3 - (-15)/4). Calculate the greatest common divisor of q and j.
16
Let v(b) = 7*b + 5. Let z = 1 + 4. Let y be v(z). What is the highest common divisor of y and 20?
20
Let v = -9 - -25. What is the highest common divisor of v and 176?
16
Let p be (-9)/(-27) + (-107)/(-3). What is the highest common divisor of 24 and p?
12
Let m be 4/(-2) + 11 + 6 + 2. What is the greatest common divisor of m and 68?
17
Let x be 3 - 5/((-15)/(-6)). Suppose -5*z + 28 - 3 = 2*w, 2*z - 5*w = 39. What is the highest common factor of z and x?
1
Let h = 151 + -55. Calculate the greatest common factor of h and 12.
12
Let m be 4 + -3 + 56 - 0. What is the greatest common factor of m and 38?
19
Suppose 0*h - 38 = -h. What is the highest common divisor of h and 57?
19
Let b(c) = -19*c - 22. Let v be b(-11). Calculate the greatest common divisor of 17 and v.
17
Let a(c) = 2 - 4*c - 8*c - c**2 - 4 + 0. Let n be a(-11). Calculate the greatest common factor of n and 27.
9
Suppose 2*c = -5*l + 4*c + 16, 8 = 4*c. What is the greatest common factor of 6 and l?
2
Let k(f) be the first derivative of 17*f**4/4 - f**2 - 2. Let s be (-15)/(-10) + 3/(-18)*-3. Let o be k(s). Calculate the greatest common divisor of 12 and o.
12
Let i be 35 - (-2)/(2/(-6) - -1). Calculate the greatest common factor of 418 and i.
38
Let l = -52 + 56. Suppose -2*x - 5*p = -65, 5*x - 2*p - 100 + 10 = 0. Suppose 28 = l*z - x. Calculate the highest common divisor of 6 and z.
6
Suppose -437 = -5*x + a + 167, 0 = x + 4*a - 104. What is the greatest common divisor of x and 24?
24
Suppose 3 = -2*l + 3*l. Suppose l*y - 50 = -2*y. What is the highest common divisor of 25 and y?
5
Let s(d) = -d**3 - 6*d**2 - 7*d - 6. Suppose 0*n - 3*n = 15. Let a be s(n). Calculate the greatest common factor of a and 32.
4
Let f = -53 + -12. Let p = -41 - f. Suppose 4*g = 26 - 2. What is the highest common divisor of g and p?
6
Let i be (-1 - -17 - 2)/2. Let z(a) = 7 + 99*a - i. Let g be z(1). What is the greatest common factor of 9 and g?
9
Suppose -4*u + 0 = 12. Let y be (22/u)/(6/(-9)). What is the highest common divisor of y and 88?
11
Suppose 51 = 2*b + 9. Let l = -5 + b. What is the highest common divisor of l and 8?
8
Let x be (-1 - 0 - -1) + 9. Let k = x - 4. Suppose 21 = -2*b + k*b. Calculate the greatest common divisor of 56 and b.
7
Let q be (0 - 0) + (9 - -17). Calculate the highest common divisor of q and 26.
26
Let p(q) = q**3 - 6*q**2 - q + 8. Let u be p(6). Suppose 3*l - u*l - 1 = 0. Calculate the highest common factor of 7 and l.
1
Let c = 91 - 64. What is the greatest common factor of c and 297?
27
Let i be 80 + (-7)/((-7)/(-2)) + -2. What is the highest common divisor of i and 4?
4
Let w be (4 - 3)*80/(-2). Let r = 57 + w. Suppose -8 = -t + r. What is the greatest common factor of 25 and t?
25
Let g be 7/3 - (-2)/(-6). Let k be (-3)/(-2 + 2/g). Let q(t) = t**3 + 9*t**2 - t - 3. Let o be q(-9). What is the greatest common divisor of k and o?
3
Let s = 5 + -2. Let m(j) = 3*j**2 - 4*j + 4 - 2 - 1. Let l be m(s). Calculate the greatest common divisor of l and 4.
4
Let c(n) = -9*n + 1. Let w be c(-7). Let o(h) = h + 14. Let m be o(-6). Calculate the greatest common factor of w and m.
8
Let a = 30 + -1. What is the highest common divisor of 319 and a?
29
Suppose j + 4*j - 60 = 0. Let n = j + -3. Calculate the greatest common divisor of 81 and n.
9
Let q(m) = m**2 - 5*m + 3. Let y be q(4). Let a be y/(((-6)/(-4))/(-3)). Let g = -1 - -19. Calculate the greatest common factor of a and g.
2
Let j = 50 + -28. Suppose -5*o = 0, 2*o - o = 3*k + 54. Let z = k + 29. What is the highest common divisor of j and z?
11
Let n be (-22)/77 - 676/(-14). What is the greatest common divisor of 6 and n?
6
Let x = -60 - -62. What is the highest common divisor of 18 and x?
2
Suppose 3*o - o - 30 = 0. Calculate the greatest common factor of 135 and o.
15
Let o = 142 - 106. Calculate the greatest common factor of 54 and o.
18
Suppose -3*s + 7*s = 12. Suppose -140 = -s*m + 52. What is the highest common divisor of 16 and m?
16
Suppose -4*y - 16 = -4*q, 0*q + 3*y = -q + 12. Let g(n) = 5*n - 49. Let z be g(23). Calculate the greatest common factor of z and q.
6
Let t be 560/(-21)*(-6)/5. Let k = t + -5. Calculate the greatest common factor of 297 and k.
27
Let p(g) = g + 0 + 1 + 5 - 2. Let n be p(-4). Suppose n = 2*t - 3*q - 5, -4*q + 0*q = -20. Calculate the highest common divisor of t and 4.
2
Let l(d) = d**3 - 10*d**2 + 10*d + 5. Suppose -2*u + 11 = -4*j - 23, u = 5*j + 29. Let s be l(u). Calculate the highest common factor of s and 7.
7
Suppose -10 = -2*k - 2. Suppose 0 = -k*p - 5*j + 23, -3*p + 43 = p + j. Calculate the greatest common factor of 4 and p.
4
Suppose -4*z + 51 = 2*b - b, -z = -4*b. Suppose -5*h + 11 = -9, 0 = 2*f + h - z. What is the greatest common divisor of 32 and f?
4
Let j be (-12)/(-1 - 5/(-8)). What is the highest common divisor of 4 and j?
4
Suppose 2*c + o - 48 = 64, 168 = 3*c - 2*o. Calculate the greatest common factor of 42 and c.
14
Suppose -5*y + 116 = 4*b - y, -143 = -5*b - 4*y. Let c be 6/b - 1022/(-18). Calculate the highest common factor of 19 and c.
19
Suppose -5*y = -3*p + 116, 2*p = 5*p + y - 128. Calculate the greatest common divisor of p and 28.
14
Suppose v + 75 = 5*g, -5*v + 4 = 2*g + 1. Calculate the highest common factor of g and 112.
14
Let d = 101 - -52. Let w(f) be the second derivative of f**4/4 + f**3/2 - f**2/2 - f. Let a be w(-3). Calculate the highest common factor of d and a.
17
Let h(i) = 8*i**2 - 2*i - 6. Let c be h(3). What is the greatest common divisor of 10 and c?
10
Let z(b) = 5*b**2 - b. Let j be (4/6)/((-2)/(-3)). Let a be z(j). Suppose a*w = 14 + 10. Calculate the greatest common factor of w and 2.
2
Suppose o + 4 = 54. Let i = 3 + -1. Let z be i*(2 + 2*4). Calculate the greatest common factor of o and z.
10
Suppose 3*k = 2*k + 2*h - 12, -k - 3*h + 8 = 0. Let w = 29 - k. What is the highest common divisor of 3 and w?
3
Let d = -1 - -120. Let q = 308 - d. Calculate the greatest common factor of 21 and q.
21
Let r(i) = i**2 + i + 9. Let k be r(0). Calculate the highest common factor of k and 1.
1
Suppose -x = -2*x + 5. Suppose -b = -x*b + 64. Calculate the highest common factor of 48 and b.
16
Let q(y) = 3*y - 2. Let d be q(2). Let g be 62/d - 2/(-4). Let c = -7 + g. What is the greatest common divisor of c and 9?
9
Let f be (2 - -1)*(2 + 20/15). Calculate the greatest common divisor of f and 70.
10
Let n = -17 + 69. Calculate the highest common factor of n and 156.
52
Let a be ((-1)/(-2) - -1)/((-9)/(-132)). What is the highest common factor of a and 242?
22
Suppose -2*l = -29 - 5. Let y = 20 - l. What is the greatest common divisor of y and 21?
3
Suppose k - 2 = -17. Let t be k/2*(-88)/(-12). Let f = 83 + t. Calculate the highest common divisor of 70 and f.
14
Let q = 136 - 94. Let z = 72 - q. Suppose 3*c - 2*p = c + 16, 2*c = -5*p + 2. What is the greatest common divisor of c and z?
6
Let y(b) = b**2 - b - 4. Let t be y(-4). Let w = 28 - t. Suppose 0 = 5*k + j + 4*j - 145, 0 = 5*k + 3*j - 147. What is the greatest common divisor of k and w?
6
Suppose 5*z - 1106 = -286. Let l = -99 + z. Calculate the highest common factor of l and 26.
13
Let v = 21 + -13. Calculate the highest common divisor of v and 8.
8
Suppose 156 = 2*a - a + 4*w, -549 = -4*a - w. Calculate the highest common divisor of 34 and a.
34
Let x be 245 + 2 + -1 + 0. What is the highest common factor of 41 and x?
41
Suppose -3*x + x = -6. Let v(a) = -a**3 + 5*a**2 - 3*a + 1. Let d be v(x). Suppose -5*o + 0 = -350. Calculate the highest common factor of o and d.
10
Suppose -4*b + 2*b = 4*f - 80, 72 = 4*f + 